
Calculate -1 + 0 + 4 - 2.
1
(-2 - -8) + (11 + -21 - -3)
-1
Calculate (0 - 5 - (2 - 7)) + -1.
-1
What is -6 - (-8 - -11 - 12)?
3
Evaluate (2 - 6) + 0 - -3.
-1
What is the value of (0 - (-2 + 5)) + 7?
4
(4 - (-3 + 7)) + 2
2
Calculate 0 - (-4 + (-3 - -2 - -2)).
3
What is the value of -90 - -94 - (2 - -7)?
-5
What is 1 + -3 + -1 - -8?
5
Evaluate 1 - 1 - (-6 - -9) - -2.
-1
Evaluate 7 + -2 + (-2 - 6 - 0).
-3
What is the value of 23 + (9 - 19) + -18?
-5
Calculate 8 + 10 + 5 + -8 - 7.
8
What is -4 + 7 + (-1 - -2)?
4
Evaluate (7 - 4) + 1 + 1.
5
Evaluate -24 + 32 + -13 - (1 + -8).
2
Evaluate -3 + (-2 - -3) + (6 - 9).
-5
What is 10 - -3 - 5 - 4?
4
Evaluate 1 + 2 - (85 - 75).
-7
Calculate -3 + (-2 - -4) + 2.
1
What is 100 + -96 - (-1 + -1 + 8)?
-2
What is -2 + -5 + 2 + 9?
4
Calculate -5 + -5 + -6 + 1 + 8.
-7
Calculate -1 + 3 + 1 + -3 - -3.
3
-8 + (7 - -5) + 0 + -2
2
Evaluate -7 - (-6 - (-3 - 1)).
-5
Calculate -14 + 9 - (-1 + -6 + 3).
-1
7 + -1 - 7 - 5
-6
6 - 3 - (4 - 1)
0
Evaluate -2 + 3 + 10 + -6.
5
-2 + 2 - (-7 - (1 - 5))
3
(13 - 10) + 1 + -2 + 0
2
Calculate 10 + -29 + 10 + 3.
-6
What is the value of -3 - 1 - (11 + -13)?
-2
Evaluate 4 + 2 + 1 + -4 + 1.
4
What is -135 + 131 - (1 + 2)?
-7
Evaluate 2 + (0 - (1 - -1 - 4)).
4
Evaluate (-5 + 8 - 10) + 5.
-2
What is 1 + -4 + 62 + -55?
4
Evaluate -4 + 3 - (-12 - -14).
-3
What is 4 + (1 - (-4 + 5))?
4
Evaluate 0 + 2 + -14 + 16 + -1.
3
What is (-9 + 14 - 15) + 14?
4
What is the value of -6 + 7 - -3 - (-10 - -9)?
5
What is 1 - ((4 - 5) + 2) - -1?
1
(0 - -3) + (4 + 1 - 13)
-5
1 + 9 + -2 + -14 + 6
0
Evaluate -3 + 4 + -9 + 5.
-3
What is the value of -2 + 0 + 0 - (-14 + 8)?
4
What is the value of 0 - (-1 - (-1 + 2 + 1))?
3
What is the value of 3 - (3 - 5 - -4) - 1?
0
Evaluate 15 - 16 - (-2 - 0).
1
-1 + 5 + (4 - 3 - 5)
0
Calculate 3 + -5 - (-23 + 29).
-8
(1 + -4 - -4) + -5
-4
(3 - 0 - 0) + -10 - -2
-5
What is -2 + (6 - -5 - 9)?
0
(9 - 7) + (-5 - -2)
-1
What is the value of 0 + -5 + 4 + 1?
0
What is the value of 2 + -1 - (-1 - -3)?
-1
Calculate -24 + 24 - (1 + 1).
-2
Evaluate -2 + 4 - (0 + 6).
-4
What is -7 - (-1 - (9 + -12))?
-9
Evaluate 0 + 5 + -1 + (27 - 33).
-2
Evaluate -5 + -3 + (-1 - -2) + 3.
-4
What is (-5 - -6 - (-1 - 0)) + 2?
4
Evaluate 10 + -8 + -5 + 5.
2
What is the value of 4 + (3 - (-2 + 8))?
1
What is the value of -2 + -1 + 15 - 18?
-6
What is the value of (-14 - (-6 + 1)) + -6 + 11?
-4
(-1 - 0) + 1 + 0 - -3
3
What is 1 - (1 + 4 - 9)?
5
7 - (-3 - -11 - 5)
4
Calculate 11 + -18 - (-4 - -2).
-5
What is the value of (5 - 2) + -2 + -1?
0
-1 + 2 + 2 + -4
-1
(1 - (2 - (0 + -1))) + 0
-2
Evaluate (0 + 1 - 1) + (-3 - 0).
-3
6 + 3 + -3 + 4 + -5
5
What is the value of -4 + -4 - -6 - (-2 + 0)?
0
What is the value of -1 + 1 + 3 - (-7 + 16)?
-6
(44 - 29) + -5 + -1 + -7
2
What is the value of (-21 - -29) + -1 + 2 + -4?
5
Evaluate 4 + (1 - 7) + 0.
-2
What is the value of 2 - -10 - (4 - 0) - 4?
4
What is (-2 - -3) + 2 - (4 + -2)?
1
Evaluate 0 + 5 + -1 + -1 + 0.
3
Evaluate -2 + -9 + 24 - 12.
1
(29 - 26) + -1 + -3
-1
Evaluate 8 - (8 + -4 + 0).
4
What is 3 + 1 + -7 - (0 - 0)?
-3
Calculate -1 + 0 + 1 + (-4 - -1).
-3
What is -8 + (3 - (2 - 1))?
-6
What is -8 + (8 - 12 - -2)?
-10
-1 + 2 + 3 - 1
3
-1 - (6 - (-1 + 3))
-5
What is 17 + -19 - (1 - -3)?
-6
What is the value of -11 - (2 - 7) - 0?
-6
-4 + (2 - -1) + 1 + 5
5
(-10 - (-4 + -1)) + 4
-1
What is the value of -4 - (-21 - (-10 + 4) - -3)?
8
Evaluate 1 + -1 - 1 - (3 - 2).
-2
2 + -4 + (-6 - -5)
-3
Evaluate (-37 - -26) + 0 + 0.
-11
What is -19 + 18 + (1 - 0)?
0
What is 3 - ((-10 - -8) + 5)?
0
0 + 0 + (1 - (-2 - -2))
1
Calculate -7 + 7 + (2 + 0 - 4).
-2
What is the value of -10 + 26 - (8 - -2)?
6
(-5 + (-2 - -3) - -2) + -5
-7
Evaluate 16 + -13 + 2 + -7.
-2
Calculate (5 + -1 - 2) + -1 + -3.
-2
Evaluate (4 - (5 + 3)) + 10.
6
What is (0 - (17 - 13)) + 4?
0
What is 6 - -4 - (2 + 7)?
1
What is (-4 - -10) + -5 + 6 + -4?
3
What is the value of (3 - 0) + -3 - -3?
3
What is 1 + (3 - 3 - 1) + 2?
2
(-7 - -4) + -5 + -8 + 13
-3
Evaluate -21 + 26 + 0 + -2 + -3.
0
-3 - (3 - (2 + 3) - -3)
-4
Evaluate -13 - (1 + (-2 - (-7 - -14))).
-5
What is 0 - (-6 - (-17 - -6))?
-5
Calculate (4 - 10) + 3 + 7.
4
What is the value of (8 - (7 - 0)) + 5 + 0?
6
Calculate -2 + (-29 - -29) + (-3 - -1).
-4
Calculate 6 + -8 + -13 + 11.
-4
5 + (0 - 12 - -6)
-1
What is the value of (-9 - -4) + (3 - -3) + 3?
4
Evaluate -4 + (-3 - (-4 + -3 + 3)).
-3
What is the value of 18 - 10 - (-1 - -16) - -7?
0
Calculate 5 - (0 - 4 - (33 - 35)).
7
9 - (3 - (10 - 21))
-5
What is the value of -6 - (-2 - (2 - 2))?
-4
Calculate (4 - (2 + 0)) + -2 + 3.
3
Calculate -6 - (12 + -12 - 10).
4
-4 - (-8 + 3 - -6)
-5
What is the value of -10 + 9 + 2 + -3?
-2
Calculate -4 - (3 - (6 - 1) - 2).
0
Evaluate (-4 - -1 - -3) + 2 - 2.
0
What is -2 - (-1 + 0 - (3 + 0))?
2
Calculate (-21 - -43) + -15 + (0 - -1).
8
Evaluate 0 + 4 + -2 + (-40 - -34).
-4
Calculate 7 - (3 - -2) - -2.
4
Calculate 3 - 2 - 1 - (5 - 5).
0
What is (-1 - 5) + 11 + -9 - 0?
-4
Evaluate (0 - -6) + -12 + 0 + -2.
-8
Evaluate 10 - 6 - (-1 - -4).
1
What is 6 + -5 - ((6 - -4) + -4)?
-5
Evaluate (-4 - -2) + (7 - 2) + -2.
1
Evaluate (-4 - (-11 - 2)) + -5.
4
What is 0 - (3 + -4 - -9) - 1?
-9
What is 2 + 1 + (15 + -11 - 12)?
-5
What is 0 + 0 + -2 - -2?
0
What is -7 - -1 - ((1 - 3) + -2)?
-2
What is 1 + 3 + 28 + -28?
4
Evaluate (7 - -2) + -3 - 6.
0
Evaluate 7 + -7 + 2 - (-3 + 0).
5
9 + -12 - (-7 + 1 + 1)
2
Calculate 2 - (3 - 2 - -5) - 0.
-4
What is the value of 1 + -3 - (1 - 1 - -1)?
-3
4 + -5 + 9 - (-3 - -6)
5
Calculate -9 - (5 + -9) - -5 - 3.
-3
What is the value of -3 + -5 + -1 + 7?
-2
What is the value of -12 + 26 + 2 + -10?
6
What is -8 - -16 - 5 - 4?
-1
-5 + 1 + -6 + 7
-3
7 - (-7 + 12) - (3 + -2)
1
Evaluate (8 - 3 - 3) + (-13 - -11).
0
Calculate -6 - 1 - (6 - 16).
3
What is the value of (6 - (1 + 0)) + -1 + 1?
5
What is (7 - 9) + -1 + 10?
7
Calculate -1 + 3 - (-4 + 7).
-1
11 - ((0 - 1) + 9)
3
Calculate 25 - 28 - (-7 + 2 + -1).
3
What is the value of (7 - 3) + -1 + -6 - -6?
3
Calculate (-5 - -3) + 0 - (4 + -3).
-3
Evaluate -1 - (3 - (-3 - (-15 + 2))).
6
What is (1 - (-2 + 1 + 3)) + -1?
-2
(-1 - -2) + -8 + -8 - -6
-9
What is 8 + -12 + 0 + 3?
-1
Calculate -2 + 2 - (12 + -7).
-5
3 - (-4 + (0 - (0 + -4)))
3
What is -1 + 3 - 0 - 3?
-1
What is (1 - -3) + -20 + 13?
-3
What is the value of -7 - -4 - -8 - (-1 + 7)?
-1
Calculate 2 + (3 - 4) + 3.
4
2 + -11 + (-7 - -20)
4
What is 0 + (-3 - (-2 - (0 + -2)))?
-3
What is (8 - (-3 - -7)) + 2 - 4?
2
Evaluate -4 + -1 + -1 - (122 - 126).
-2
5 - 8 - (6 + 5 + -9)
-5
Evaluate -6 - -1 - (-91 + 81).
5
5 - (-5 + 0 + -7 + 11)
6
(-48 + 44 - (1 + 0)) + 6
1
What is 23 + -17 - (1 + 1)?
4
What is the value of (6 - 3) + 2 - (-4 + 7)?
2
What is the value of 8 - (4 + -6) - 4?
6
Evaluate (-5 - 1) + -3 + 4 + 1.
-4
Calculate (-2 - 4) + 5 - (0 - 5).
4
Evaluate 4 - ((4 - -4) + 2 + -5).
-1
What is the value of -4 + 6 + 1 + -4?
-1
Calculate -1 - (3 - 8) - 4.
0
Evaluate -1 + 2 - (3 + -4 - -3).
-1
Evaluate 9 - 8 - (1 + (6 - 3)).
-3
(-39 - -23) + 13 + (1 - 7)
-9
Calculate -5 + (5 - (-4 + 1)).
3
Evaluate -2 - (-3 + 12 + -5).
-6
Calculate 2 + (5 + -4 - 3).
0
Calculate (-2 - -4) + (2 - 6) + 4.
2
Calculate -1 - (4 + -3 - (-4 + 7)).
1
8 + -8 + -2 - 3
-5
Calculate 3 + (-6 + (3 - 0) - -1).
1
(4 - 5) + (-1 - -5)
3
Calculate 0 - 2 - ((8 - -7) + -12).
-5
Calculate -596 + 602 + -3 + 2 + -1.
4
-12 - (-1 + (6 - 14))
-3
Evaluate 2 + (3 - 7) - -5.
3
Calculate -4 - (-10 - 1 - -5).
2
1 + -1 - -3 - -1 - 1
3
What is the value of (0 + 0 - -3) + -4?
-1
(-9 + 6 - -1) + 4 + -13
-11
What is the value of -6 + 3 + 7 + 6 + -9?
1
What is the value of (2 - 0) + (-6 - -2) + 3?
1
What is the value of -5 + 7 + 2 + -5?
-1
What is 3 - (-11 - -13 - -5)?
-4
What is 7 - (-10 + (-14 - -28))?
3
Evaluate 3 + (-2 - -4) - 8.
-3
Calculate 6 - (2 - ((-4 - -2) + 3)).
5
-12 - -3 - -10 - (-3 + -1)
5
3 + (0 - (9 - 2)) + 1
-3
Evaluate -2 - (-4 - -1) - (-2 - -1).
2
What is the value of 6 - (10 + 0 - 3 - 1)?
0
What is -1 + 4 + (2 - 1)?
4
Calculate (-60 - -69) + -3 + -2 + 4.
8
Evaluate -3 + (4 - ((6 - 10) + 6)).
-1
Evaluate -4 + -1 - (16 + -19).
-2
What is 9 - 25 - (8 + -19)?
-5
-3 + 11 + 0 + 0 + -3
5
-2 + (-2 + 2 - 1)
-3
(4 - 2) + 0 + 3 + -5
0
What is (18 - 7) + -3 - (-1 + 5)?
4
Evaluate 6 + (6 - 13) + 2 + -6.
-5
Evaluate 1 + 7 + -10